{"id":354,"date":"2020-03-20T18:28:21","date_gmt":"2020-03-20T18:28:21","guid":{"rendered":"https:\/\/retortillo.ink\/?page_id=354"},"modified":"2020-03-20T18:28:21","modified_gmt":"2020-03-20T18:28:21","slug":"fin-de-trayecto","status":"publish","type":"page","link":"https:\/\/retortillo.ink\/?page_id=354","title":{"rendered":"FIN DE TRAYECTO"},"content":{"rendered":"\n<p>      FIN DE TRAYECTO<\/p>\n\n\n\n<p>CAP\u00cdTULO I<\/p>\n\n\n\n<p>(A\u00f1o 2003)<\/p>\n\n\n\n<p>\t\t\t                 \n      PAULA Y DANIELA<\/p>\n\n\n\n<p>Paula\nse encontraba en la cocina preparando la comida cuando oy\u00f3 c\u00f3mo se\nabr\u00eda la puerta de la calle. Enseguida se dio cuenta de que entraba\nDaniela pues lo hizo corriendo y gritando como una loca&#8230;<\/p>\n\n\n\n<p>&#8211;\n\u00a1Mam\u00e1!&#8230; \u00a1Mam\u00e1!\u2026 No te lo vas a creer\u2026 A punto de darme un\nsoponcio&#8230; Se repite la historia\u2026 \u00a1Es incre\u00edble pero cierto!<\/p>\n\n\n\n<p>Daniela\njadeaba por el esfuerzo realizado al subir las escaleras a toda\nvelocidad. La madre la escuchaba pero no llegaba a entender el\nsignificado de lo que su hija le dec\u00eda.<\/p>\n\n\n\n<p>&#8211;\n\u00bfA qu\u00e9 historia te refieres? \u2013 le pregunt\u00f3.<\/p>\n\n\n\n<p>&#8211;\n\u00a1A la tuya con mi padre! \u2013 respondi\u00f3 jadeando.<\/p>\n\n\n\n<p>Paula\nlevant\u00f3 la vista del plato de ensalada que estaba aderezando y se\nqued\u00f3 mirando a su hija que se hab\u00eda parado bajo el marco de la\npuerta de la cocina.<\/p>\n\n\n\n<p>&#8211;\nExpl\u00edcate mejor, por favor.<\/p>\n\n\n\n<p>Daniela\ncogi\u00f3 una silla, se sent\u00f3 a la mesa donde su madre preparaba la\nensalada y, apoyando los brazos en ella, le dijo:<\/p>\n\n\n\n<p>&#8211;\nComo no bajabas a la playa, le he pedido a un chico que se encontraba\nsentado a mi lado que me cuidara la ropa mientras me daba un ba\u00f1o.\n\u00bfY sabes qu\u00e9 me ha respondido?<\/p>\n\n\n\n<p>Paula\nahora s\u00ed entendi\u00f3 lo que su hija quer\u00eda decirle. Por eso sonri\u00f3\nal mismo tiempo que recordaba la escena vivida tanto tiempo atr\u00e1s\ncon Daniel. Esper\u00f3 un instante hasta recuperar el sosiego perdido\npor el recuerdo de su amado y dijo:<\/p>\n\n\n\n<p>&#8211;\n\u201c\u00a1Si t\u00fa me dices ven, lo dejo todo!\u201d<\/p>\n\n\n\n<p>Daniela\nhizo gestos afirmativos con la cabeza al mismo tiempo que re\u00eda sin\nparar. Su madre no pudo por menos que imitarla y, as\u00ed riendo, como\nfuera de s\u00ed, estuvieron un rato hasta que por fin se serenaron.\nPaula continu\u00f3:<\/p>\n\n\n\n<p>&#8211;\nEs incre\u00edble\u2026 Me cuesta creer que sea verdad\u2026 \u00bfEs casualidad o\nes cosa de brujas? \u00bfY qui\u00e9n es \u00e9l?<\/p>\n\n\n\n<p>&#8211;\nEs un chico de mi edad m\u00e1s o menos.<\/p>\n\n\n\n<p>&#8211;\nEso ya me lo imagino. Pero&#8230;<\/p>\n\n\n\n<p>&#8211;\nY vive en Madrid tambi\u00e9n. No s\u00e9 m\u00e1s\u2026 Apenas hemos hablado pero\nhe quedado esta tarde para vernos.<\/p>\n\n\n\n<p>&#8211;\n\u00bfEs guapo?<\/p>\n\n\n\n<p>&#8211;\nS\u00ed, es muy guapo y educado. Y muy alegre tambi\u00e9n. Me he re\u00eddo\nmucho durante el poco tiempo que he estado con \u00e9l. Tiene un gran\nsentido del humor. Es alto, moreno, con los ojos de color marr\u00f3n, y\nuna sonrisa que te inspira cercan\u00eda y te envuelve del todo cuando te\nmira.<\/p>\n\n\n\n<p>&#8211;\n\u00bfEstudia o trabaja?<\/p>\n\n\n\n<p>&#8211;\nNo s\u00e9, no se lo he preguntado. Pero estaba leyendo un libro en la\nplaya as\u00ed que es posible que sea estudiante.<\/p>\n\n\n\n<p>&#8211;\n\u00bfC\u00f3mo se llama?<\/p>\n\n\n\n<p>&#8211;\nSe llama Alberto.<\/p>\n\n\n\n<p>&#8211;\nBueno, pues dejemos fluir los acontecimientos. Las casualidades\nexisten y esta es una de ellas. Es bonito que, como dices t\u00fa, se\nrepita la historia. Aunque no tienen por qu\u00e9 tener un mismo\ndesarrollo y espero que tampoco el mismo final.<\/p>\n\n\n\n<p>Daniela\nesper\u00f3 a que su madre dijera algo m\u00e1s, viendo que se manten\u00eda\ncallada y con la mirada fija en el plato de ensalada, pregunt\u00f3 con\nintenci\u00f3n de cambiar de tema:<\/p>\n\n\n\n<p>&#8211;\n\u00bfPap\u00e1 no ha venido a\u00fan?<\/p>\n\n\n\n<p>&#8211;\nYa sabes que ahora le ha dado por jugar al golf. Ya no se puede\ncontar con \u00e9l para nada. Se va temprano y no vuelve hasta la hora de\ncomer. Se est\u00e1 volviendo un pijo\u2026 tanto golf y tanto golf.<\/p>\n\n\n\n<p>&#8211;\nTampoco es para que te pongas as\u00ed. No hace nada malo yendo a jugar\nal golf, creo yo.<\/p>\n\n\n\n<p>Paula\nno respondi\u00f3, sab\u00eda de sobra que su hija ten\u00eda raz\u00f3n y que lo que\nle molestaba no era que se fuera a jugar al golf sino que no se\nvieran apenas en todo el d\u00eda y que la relaci\u00f3n no fuera ya como\nanta\u00f1o. Si ahora no se sent\u00eda todo lo feliz que antes de casarse\nimagin\u00f3 que pod\u00eda llegar a ser, nadie ten\u00eda la culpa de que as\u00ed\nfuera salvo ella. \u00bfPor qu\u00e9 hab\u00eda aceptado la proposici\u00f3n de\nmatrimonio? \u00bfPorque estaba sola en la vida y cre\u00eda que as\u00ed\nproteg\u00eda mejor a su hija del alma? \u00bfNo hab\u00eda llegado a intuir\nsiquiera que en este caso era cierta la afirmaci\u00f3n de que cualquier\ntiempo pasado fue mejor? \u00bfY que la realidad no siempre es\nequiparable a la ilusi\u00f3n?<\/p>\n\n\n\n<p>\u201cYa\nno hay soluci\u00f3n y ahora tengo que pechar con las consecuencias, no\nme queda otra. Mi hija es adolescente y no puedo privarla de su\npadre, al que quiere con toda el alma. Y el caso es que \u00e9l tambi\u00e9n\nla adora\u2026 A veces me digo si no estar\u00e9 celosa de que lo quiera a\n\u00e9l casi m\u00e1s que a m\u00ed, de que se lleve mejor con \u00e9l que conmigo\u2026\nClaro, como \u00e9l no la ri\u00f1e nunca\u2026\u201d \n<\/p>\n\n\n\n<p>No\nsab\u00eda bien c\u00f3mo hacer para arreglar la situaci\u00f3n. Deseaba con\ntodas sus fuerzas llevarse bien con su marido y ser feliz en su\nmatrimonio pero\u2026 Si aquella tarde hubiera resistido y hubiera\nvencido la tentaci\u00f3n, ahora no estar\u00eda as\u00ed. Pero quer\u00eda probar el\nfruto que durante tanto tiempo hab\u00eda estado ah\u00ed al lado sin poder o\nsin querer tocarlo. Y lo que pensaba que solo ser\u00eda un escarceo m\u00e1s\nse convirti\u00f3 en el pre\u00e1mbulo del casamiento. \u00a1Qu\u00e9 se le va a\nhacer! \u00a1Ya no tiene remedio! Y otro divorcio no estaba dispuesta a\nsufrir. Ya lo hab\u00eda pasado bastante mal con la separaci\u00f3n de Jorge.<\/p>\n\n\n\n<p>Mientras\nsu hija se duchaba, ella rememor\u00f3 el tiempo en que, siendo a\u00fan una\nni\u00f1a, su mundo se reduc\u00eda a ellas dos. Recordaba las noches en que\nentraba en su habitaci\u00f3n y abr\u00eda la puerta procurando no hacer\nruido. Se paraba junto a su camita y admiraba el rostro que la luz\nmortecina de la l\u00e1mpara de la mesita iluminaba parcialmente. Todas\nlas noches, antes de acostarse, iba a ver a su ni\u00f1a. Le gustaba\nquedarse un buen rato contemplando c\u00f3mo dorm\u00eda pl\u00e1cidamente. Y\ncada noche le hablaba a Daniel mientras miraba fijamente su\nfotograf\u00eda y le contaba c\u00f3mo su hija iba superando las dificultades\nque la vida iba colocando en su camino. Repas\u00f3 mentalmente momentos\ndel pasado, desde el nacimiento, que tuvo m\u00e1s de una complicaci\u00f3n,\nel primer constipado, las vacunas,  hasta los primeros pasos que\nhab\u00eda dado asida a su mano o el primer d\u00eda que fue al cole\u2026 y se\ndijo que las dificultades que tuvo que vencer fueron muchas. \u00a1Pero\nhab\u00eda merecido la pena! Aquella ni\u00f1a se hab\u00eda convertido en una\njoven estupenda. Era una buena estudiante, responsable, cari\u00f1osa\u2026\npero sobre todo buena persona. Quiz\u00e1 podr\u00eda reprocharse a s\u00ed misma\nque hab\u00eda estado demasiado tiempo encerrada en una burbuja, en la\nque solo ten\u00edan cabida ellas dos. Durante los primeros a\u00f1os estuvo\ntan pendiente de su hija que casi no hab\u00eda sido consciente del paso\ndel tiempo ni de los cambios que se iban produciendo en el mundo que\nla rodeaba. Pero es que, cuando estaba en el instituto dando clase,\ncon mucha frecuencia, en su mente se dibujaba la figura de su hija y\npor un instante se sent\u00eda confusa y a veces hasta con ganas de salir\ncorriendo no fuera a pasarle algo no estando ella a su lado. Tan\nembebida estaba en su peque\u00f1o mundo que no captaba las se\u00f1ales que\nle llegaban del exterior.<\/p>\n\n\n\n<p>Manuel\nse lo reprochaba pues ve\u00eda a Paula como perdida. Tan pendiente\nestaba de la ni\u00f1a, que cada poco iba a conserjer\u00eda a llamar por\ntel\u00e9fono a casa para preguntar por ella. Y aunque le dec\u00eda que no\ndeb\u00eda vivir con ese estr\u00e9s y agobio, porque al final iba a enfermar\ny la que pagar\u00eda el pato ser\u00eda la ni\u00f1a que no podr\u00eda contar con\nsus cuidados, ella no cambiaba.<\/p>\n\n\n\n<p>&#8211;\nEs muy dif\u00edcil ser madre y viuda y adem\u00e1s trabajar de profesora en\nun instituto.<\/p>\n\n\n\n<p>&#8211;\nSoy consciente de ello. Pero tendr\u00e1s que intentar sobrellevarlo de\nuna manera m\u00e1s acorde con la realidad, no puedes agrandar m\u00e1s el\nproblema de lo que es. Tienes en casa quien cuide de la ni\u00f1a \u00bfno?<\/p>\n\n\n\n<p>&#8211;\nS\u00ed, est\u00e1 Margarita. Y cuando no puede cuidarla, pues lo hacen mi\nmadre o Cecilia.<\/p>\n\n\n\n<p>&#8211;\nPues no s\u00e9 por qu\u00e9 te agobias tanto si eres una madre privilegiada\nal disponer de tanta ayuda.<\/p>\n\n\n\n<p>&#8211;\nYa, tienes raz\u00f3n. Pero es que he perdido a Daniel y no podr\u00eda\nsoportar que a Daniela le sucediera algo.<\/p>\n\n\n\n<p>&#8211;\nNo te pongas tr\u00e1gica, que no tienes motivo para ello. Deja que el\nazar juegue su papel. Y no quieras controlarlo todo.<\/p>\n\n\n\n<p>Le\ncost\u00f3 acostumbrarse a vivir con el riesgo que ello implica en s\u00ed y\nsu ni\u00f1a fue creciendo y madurando y, a pesar de las dificultades,\nalguna muy dolorosa, hoy en d\u00eda se hab\u00eda convertido en una joven\nguapa e inteligente, que estaba a punto de ingresar en la\nuniversidad. \n<\/p>\n\n\n\n<p>Aunque\nnunca hab\u00eda pensado que fuera tan complicado ser madre. Cualquier\ndecisi\u00f3n que deb\u00eda tomar le resultaba muy dif\u00edcil de llevar a cabo\npor miedo a equivocarse. No le costaba ning\u00fan esfuerzo hacer todo\naquello que le ven\u00eda impuesto o aconsejado desde fuera, como\nllevarla al pediatra para ponerle las vacunas que por la edad le\ncorrespond\u00eda. Sin embargo, sent\u00eda pavor a tomar aquellas decisiones\nque depend\u00edan exclusivamente de su voluntad. Era tanta la\ninseguridad que ten\u00eda que no hac\u00eda nada sin antes consultarlo con\nsu madre o con las dos personas que mayor confianza le inspiraban:\nTeresa y Manuel. \n<\/p>\n\n\n\n<p>Claro\n\tque a veces eso le supuso tener alg\u00fan enfrentamiento y discusi\u00f3n,\nsobre todo con Manuel. Recordaba el momento en que les pidi\u00f3\nopini\u00f3n, dado que el pr\u00f3ximo curso Daniela deb\u00eda comenzar la\nense\u00f1anza primaria, sobre qu\u00e9 centro de ense\u00f1anza deb\u00eda elegir.\nSi escog\u00eda el colegio p\u00fablico del barrio, deb\u00eda ser consciente de\nque pasar\u00eda al instituto cuando llegara el momento y no estaba\nsegura de querer tenerla a su lado. Algunos compa\u00f1eros tra\u00edan a sus\nhijos al instituto e incluso hasta los ten\u00edan en su misma clase. A\nella eso no le parec\u00eda que fuera pedag\u00f3gico y mucho menos\nrecomendable. Adem\u00e1s, aunque le costaba reconocerlo, era m\u00e1s\npartidaria de la ense\u00f1anza privada, sobre todo si era de calidad,\nque de la p\u00fablica, a pesar de ser ella una profesora de instituto.\nSab\u00eda que era una contradicci\u00f3n y como tal lo reconoc\u00eda y hasta se\nlo reprochaba. Pero ten\u00eda por seguro que en la vida las relaciones\nsociales son tan importantes o m\u00e1s que los estudios que hayas\nrealizado. Y ella sab\u00eda que en el Liceo Franc\u00e9s su hija estar\u00eda\nmejor que en su instituto.<\/p>\n\n\n\n<p>Aquella\nma\u00f1ana se encontraba en la sala de profesores corrigiendo unos\nejercicios cuando entr\u00f3 Manuel. Como siempre desde que hab\u00eda nacido\nDaniela, lo primero que hizo fue preguntarle por ella.<\/p>\n\n\n\n<p>&#8211;\nBuenos d\u00edas, Paula. \u00bfQu\u00e9 tal la ni\u00f1a?<\/p>\n\n\n\n<p>&#8211;\nBien, muy crecida y muy guapa.<\/p>\n\n\n\n<p>&#8211;\nTiene a quien salir \u2013 dijo riendo.<\/p>\n\n\n\n<p>\n&#8211; S\u00ed, su padre era muy guapo.<\/p>\n\n\n\n<p>A\nManuel no le gust\u00f3\ndemasiado la respuesta de Paula, aunque no hizo\nning\u00fan comentario. Pero capt\u00f3 la indirecta. No\nsab\u00eda cu\u00e1l pod\u00eda ser el motivo pero hac\u00eda\ntiempo que notaba que Paula\nlo esquivaba.\nProcuraba no\nencontrarse a solas con \u00e9l y ante cualquier insinuaci\u00f3n por su\nparte, aunque fuera en broma,\ndesaparec\u00eda. No obstante, hizo como si no hubiera entendido con\nclaridad el mensaje y continu\u00f3:<\/p>\n\n\n\n<p>\n&#8211; Ya se sabe, \u00abde padres\ngatos, hijos michinos\u00bb.<\/p>\n\n\n\n<p>Paula\nno estuvo segura de haber entendido el mensaje\nas\u00ed que le pregunt\u00f3:<\/p>\n\n\n\n<p>\n&#8211; \u00bfTiene doble lectura el\ndicho o simplemente es un recurso literario que has tenido a bien\nutilizar?<\/p>\n\n\n\n<p>&#8211;\nEs lo que es y dice lo que dice. No hay doble\nintenci\u00f3n por mi parte, si acaso un reconocimiento de la realidad. Y\nes que es raro\nque de padres guapos nazcan hijos feos.<\/p>\n\n\n\n<p>&#8211;\nYa, pero es que has elegido un dicho que\nno s\u00e9 si es muy\napropiado.<\/p>\n\n\n\n<p>&#8211;\nEl refranero espa\u00f1ol es muy\namplio y rico en matices, cierto. Pod\u00eda\nhaber elegido el que\ndice \u00abde tal palo tal astilla\u00bb, que\nviene a ser igual, aunque se usa m\u00e1s en\notros casos y con otra connotaci\u00f3n. \u2013 Hizo\nuna pausa y, cambiando el tono de voz,\nagreg\u00f3 \u2013 : No s\u00e9, me parece que est\u00e1s un\ntanto susceptible conmigo. Y no creo que tengas motivos para ello. Si\nte molesta que te hable o que me dirija a ti\nsiquiera, no tienes m\u00e1s que dec\u00edrmelo y dejar\u00e9 de hacerlo\nde inmediato.<\/p>\n\n\n\n<p>Paula\nno sab\u00eda qu\u00e9 responder.\nPor un lado era cierto que le molestaba la forma de insinuarse que\nManuel ten\u00eda a veces;\naunque no estaba segura de que fuera as\u00ed realmente\nsino producto m\u00e1s\nbien de su paranoia.\nCon frecuencia se\ndaba cuenta de que estaba a la defensiva como\npaso previo al ataque que a\u00fan no se hab\u00eda producido por\nparte de Manuel. Pero ella ten\u00eda\nmiedo porque en el\nfondo no estaba segura de c\u00f3mo iba a reaccionar. Sab\u00eda que era\nd\u00e9bil con \u00e9l y que el sentimiento que hab\u00eda anidado durante tanto\ntiempo en su coraz\u00f3n hab\u00eda dejado una se\u00f1al\nindeleble. Manuel, viendo que no contestaba, dijo:<\/p>\n\n\n\n<p>&#8211;\nDejemos esta conversaci\u00f3n para otro momento,\nsi te parece. Contin\u00faa corrigiendo que yo tambi\u00e9n tengo cosas que\nhacer. \n<\/p>\n\n\n\n<p>\n&#8211; Perdona. No s\u00e9 lo que me\npasa, es est\u00fapida mi manera de comportarme contigo y espero que me\ndisculpes. Mi vida interior es un caos absoluto. Ya no distingo entre\nsentimientos ni deseos, entre realidad y ficci\u00f3n, y lo que es peor\nno s\u00e9 discernir lo que me conviene de lo que no. Pienso, razono y\nsaco conclusiones que al instante rechazo porque no estoy segura de\nque me vayan a hacer feliz. Pienso en m\u00ed e inmediatamente en mi hija\ny a veces temo que lo que me beneficia a m\u00ed ser\u00e1 pernicioso para\nella.<\/p>\n\n\n\n<p>\n&#8211; Te comprendo aunque no s\u00e9\nsi logro entender lo que quieres decirme. Aunque quiz\u00e1 me gustar\u00eda\nentender otra cosa distinta a la que me parece que me transmites&#8230;\nCreo que no es este el momento m\u00e1s apropiado para seguir hablando de\nello. Por eso, si te parece, una tarde de estas quedamos y charlamos\nlargo y tendido.<\/p>\n\n\n\n<p>\n&#8211; S\u00ed, tienes raz\u00f3n. Primero\ndebo aclararme yo, cosa que no es f\u00e1cil. Quiz\u00e1 desahogarme contigo\npueda serme beneficioso. Pero es que encima tengo tantas\npreocupaciones, son tantas las cosas que debo resolver yo sola, que\nme siento agobiada y hasta agotada.<\/p>\n\n\n\n<p>\n&#8211; Pues lo dicho, un d\u00eda de\nestos quedamos y aclaramos algunas cosas.<\/p>\n\n\n\n<p>\nManuel sali\u00f3 de la sala de\nprofesores y casi a continuaci\u00f3n entr\u00f3 Teresa.<\/p>\n\n\n\n<p>\n&#8211; \u00bfQu\u00e9 tal? \u2013 Como Paula\nno contestaba y el gesto de la cara era demasiado serio, continu\u00f3 \u2013\n. Me da que has estado hablando con Manuel y no s\u00e9 por qu\u00e9 me\nparece que no del todo amigablemente.<\/p>\n\n\n\n<p>\n&#8211; La culpa es m\u00eda. Pero es\nque no s\u00e9 lo que me pasa \u00faltimamente pero, cuando me encuentro a\nsolas con \u00e9l, me pongo muy nerviosa y siempre act\u00fao a la defensiva\ncomo si temiera que fuera a atacarme.<\/p>\n\n\n\n<p>\n&#8211; Me parece a m\u00ed que lo que\nte sucede es que cada d\u00eda est\u00e1s m\u00e1s enamorada de \u00e9l. Y en vez de\naceptar la realidad y decidir si te conviene o no unir tu vida a la\nsuya, el sentimiento y la raz\u00f3n entablan una batalla tan enorme que\nte produce un cacao mental de padre y muy se\u00f1or m\u00edo.<\/p>\n\n\n\n<p>\n&#8211; Es posible que tengas raz\u00f3n.\nPero es que tengo miedo a equivocarme. No me gustar\u00eda tener que\nrectificar. Tampoco puedo traer a casa a alguien con quien Daniela se\nencari\u00f1e y que luego desaparezca de repente.<\/p>\n\n\n\n<p>\n&#8211; Mira, no soy madre y no creo\nque llegue a serlo jam\u00e1s pero creo que piensas demasiado en tu hija.\nNo pretendas protegerla de demasiados peligros porque la vida es como\nes; y todo ser humano debe aprender a enfrentarse y a salvar, si es\nposible, las dificultades que se le presentan. Adem\u00e1s, no s\u00e9 por\nqu\u00e9 pensamos que los ni\u00f1os son d\u00e9biles. Si todos los ni\u00f1os que\nhan sufrido a lo largo de su ni\u00f1ez no hubieran sido capaces de salir\nadelante, creo que no habr\u00eda seres adultos medianamente cuerdos\nsobre la faz de la tierra. Pues son muchos m\u00e1s los ni\u00f1os que viven\ndesprotegidos que los que llevan una vida agradable y placentera.<\/p>\n\n\n\n<p>\n&#8211; Est\u00e1 claro que tienes raz\u00f3n\npero yo me preocupo por mi hija, nada puedo hacer o muy poco por el\nresto. Y si puedo evitarle el sufrimiento m\u00e1s liviano, lo har\u00e9.<\/p>\n\n\n\n<p>\n&#8211; Y me parecer\u00e1 bien que lo\nhagas, pero eso no significa que debas mortificarte pensando en el\nhecho en s\u00ed. Intentas poner soluci\u00f3n a problemas que a\u00fan no se te\nhan presentado. Es lo mismo que haces con Manuel.<\/p>\n\n\n\n<p>\nPaula se qued\u00f3 callada como\nreflexionando y luego dijo:<\/p>\n\n\n\n<p>\n&#8211; Ya que est\u00e1s aqu\u00ed, me\ngustar\u00eda que me dieras tu parecer sobre un asunto que para m\u00ed es\nmuy importante.<\/p>\n\n\n\n<p>\n&#8211; T\u00fa dir\u00e1s.<\/p>\n\n\n\n<p>\n&#8211; El curso que viene tengo que\nelegir colegio para Daniela. Y tengo muchas dudas porque no estoy\nsegura de querer compartir este instituto con ella cuando deba \nestudiar bachillerato. No me gustar\u00eda recibir quejas de sus\nprofesores cada vez que hiciera algo mal. Adem\u00e1s, no creo que sea\nbueno para el hijo o hija convivir con el padre o madre cada d\u00eda en\nel mismo centro educativo. \n<\/p>\n\n\n\n<p>\n&#8211; Un amigo m\u00edo, que es\npsic\u00f3logo, es de la opini\u00f3n de que el mejor colegio para un ni\u00f1o\nes el que le pilla m\u00e1s cerca de su casa. No obstante, \u00bfentre\ncu\u00e1ntos centros tienes pensado elegir?<\/p>\n\n\n\n<p>\n&#8211; Pues entre el colegio\np\u00fablico que me pilla al lado de casa o el Liceo Franc\u00e9s que tampoco\nest\u00e1 muy lejos. Aunque, si te soy sincera, creo que en la elecci\u00f3n\nme mueve m\u00e1s el hecho de que mi padre quiso en su d\u00eda que yo\nestudiara en el Liceo Franc\u00e9s. Lo que desconozco es por qu\u00e9 no me\nmatricul\u00f3 en \u00e9l despu\u00e9s de conocer su historia de amor con\nDominique.<\/p>\n\n\n\n<p>\n&#8211; Pues yo creo que la elecci\u00f3n\nest\u00e1 clara. No solo porque cumplir\u00e1s un viejo anhelo de tu padre\nque no pudo hacer realidad contigo, sino tambi\u00e9n porque el\nconocimiento de lenguas extranjeras es fundamental.<\/p>\n\n\n\n<p>\n&#8211; Gracias, Teresa. Tampoco es\nuna decisi\u00f3n que deba tomar de inmediato, as\u00ed que me lo pensar\u00e9\nbien y luego decidir\u00e9. Pero siempre viene bien una ayuda, sobre todo\nsi es de una gran amiga como t\u00fa.<\/p>\n\n\n\n<p>\nEstuvieron en silencio un\ninstante, el tiempo suficiente para que Teresa se atreviera a\npreguntarle:<\/p>\n\n\n\n<p>\n&#8211; Y volviendo al comienzo de\nla conversaci\u00f3n, \u00bfentonces Manuel sigue teniendo un lugar\nprivilegiado en tu coraz\u00f3n?<\/p>\n\n\n\n<p>\n&#8211; El \u00fanico que tiene un lugar\npreeminente en mi coraz\u00f3n es Daniel.<\/p>\n\n\n\n<p>\n&#8211; Ya, pero Daniel se fue. Y\nManuel sigue aqu\u00ed vivito y coleando y para m\u00e1s inri a tu lado cada\nd\u00eda. No s\u00e9 si para bien, eso tienes t\u00fa que decirlo.<\/p>\n\n\n\n<p>\n&#8211; Eres una cabrona. Qu\u00e9 bien\nme conoces. \u2013 Estuvo unos segundos callada decidiendo qu\u00e9\nresponder y luego a\u00f1adi\u00f3 \u2013. Creo que no quiero quererlo, que me\nniego a aceptar la realidad. Pero la verdad es que me sigue\npareciendo un hombre maravilloso. Solo que me da miedo a enfrentarme\ncon una realidad futura que desconozco y no s\u00e9 si ser\u00e9 capaz de\naceptar.<\/p>\n\n\n\n<p>\n&#8211; No s\u00e9 si te entiendo.\n\u00bfEst\u00e1s queriendo decirme que no est\u00e1s segura de unir tu destino al\nde Manuel por si te salen mal las cosas? \u00bfNo ser\u00e1 que tienes miedo\na ser infiel a Daniel?<\/p>\n\n\n\n<p>\n&#8211; No s\u00e9. Estoy hecha un mar\nde dudas. Vivo sola y eso me disgusta, quiero compartir mi vida con\nalguien pero eso me asusta&#8230; Y el caso es que necesito tener a\nalguien a mi lado, con quien poder contrastar opiniones, con quien\ndiscutir de vez en cuando, pero sobre todo con quien compartir la\ntarea de educar a Daniela. Manuel sigue siendo mi amor de adolescente\npero por eso mismo temo que lo que siempre fue un sue\u00f1o (y por tanto\nalgo maravilloso) llegue a hacerse realidad y entonces no me guste el\nresultado final.<\/p>\n\n\n\n<p>\n&#8211; \u00a1Qu\u00e9 complicada es tu\nvida, querida m\u00eda! Creo que deber\u00edas tomarte las cosas un poco m\u00e1s\nserenamente. Deber\u00edas tratar de resolver los problemas del d\u00eda a\nd\u00eda sin preocuparte del ma\u00f1ana. Hacer frente a las dificultades\ncotidianas sin mirar m\u00e1s all\u00e1. De lo contrario, vas a volverte un\npoco loca.<\/p>\n\n\n\n<p>\n&#8211; M\u00e1s de lo que estoy no\ncreo&#8230; Me tengo que ir, gracias por tus palabras, siempre me\nreconforta hablar contigo. Eres mi amiga del alma. Sabes que te\nquiero.<\/p>\n\n\n\n<p>\n&#8211; Anda, ve a clase que llegas\ntarde \u2013 dijo Teresa riendo, al mismo tiempo que Paula sal\u00eda de la\nsala a toda prisa pues, efectivamente, llegaba tarde a clase.<\/p>\n","protected":false},"excerpt":{"rendered":"<p>FIN DE TRAYECTO CAP\u00cdTULO I (A\u00f1o 2003) PAULA Y DANIELA Paula se encontraba en la cocina preparando la comida cuando oy\u00f3 c\u00f3mo se abr\u00eda la puerta de la calle. Enseguida se dio cuenta de que entraba Daniela pues lo hizo corriendo y gritando como una loca&#8230; &#8211; \u00a1Mam\u00e1!&#8230; \u00a1Mam\u00e1!\u2026 No te lo vas a creer\u2026 &hellip; <a href=\"https:\/\/retortillo.ink\/?page_id=354\" class=\"more-link\">Continuar leyendo<span class=\"screen-reader-text\"> \u00abFIN DE TRAYECTO\u00bb<\/span><\/a><\/p>\n","protected":false},"author":2,"featured_media":0,"parent":0,"menu_order":0,"comment_status":"closed","ping_status":"closed","template":"","meta":[],"_links":{"self":[{"href":"https:\/\/retortillo.ink\/index.php?rest_route=\/wp\/v2\/pages\/354"}],"collection":[{"href":"https:\/\/retortillo.ink\/index.php?rest_route=\/wp\/v2\/pages"}],"about":[{"href":"https:\/\/retortillo.ink\/index.php?rest_route=\/wp\/v2\/types\/page"}],"author":[{"embeddable":true,"href":"https:\/\/retortillo.ink\/index.php?rest_route=\/wp\/v2\/users\/2"}],"replies":[{"embeddable":true,"href":"https:\/\/retortillo.ink\/index.php?rest_route=%2Fwp%2Fv2%2Fcomments&post=354"}],"version-history":[{"count":1,"href":"https:\/\/retortillo.ink\/index.php?rest_route=\/wp\/v2\/pages\/354\/revisions"}],"predecessor-version":[{"id":358,"href":"https:\/\/retortillo.ink\/index.php?rest_route=\/wp\/v2\/pages\/354\/revisions\/358"}],"wp:attachment":[{"href":"https:\/\/retortillo.ink\/index.php?rest_route=%2Fwp%2Fv2%2Fmedia&parent=354"}],"curies":[{"name":"wp","href":"https:\/\/api.w.org\/{rel}","templated":true}]}}